greatest common divisor of c and 56.
14
Let w be (-385)/3*(-18 + -570)/28. Calculate the greatest common factor of w and 49.
49
Suppose -5*t = -90 + 75, s + 5*t - 1065 = 0. Calculate the greatest common factor of s and 250.
50
Suppose -4*g = 3*t - 101373, t - 29*g = -34*g + 33780. Calculate the greatest common factor of 45 and t.
45
Let m(o) = -o**2 - 3*o - 2. Let b be m(-1). Suppose b = 5*l - l - 92. Suppose 0 = 16*j - 31*j + 2760. What is the highest common factor of l and j?
23
Let l = 398 + -262. Suppose -2*z + 28 = -5*q, 4*z - 36 = -z + 4*q. Suppose -z*p = -3*b + 71, b + 9 = 3*b + 5*p. Calculate the highest common divisor of b and l.
17
Let f = 2469 - 1837. Calculate the greatest common divisor of f and 8.
8
Let k = -1928 + 2090. Let b(p) = -6*p - 24. Let u be b(-7). What is the highest common divisor of k and u?
18
Suppose -3*r = -4*w + 874, 8*r = 5*r + 2*w - 878. Let b = 303 + r. Calculate the highest common factor of b and 639.
9
Let g(l) = 1759*l - 1587. Let u be g(1). Calculate the greatest common factor of 17372 and u.
172
Suppose -13*r + 6435 = 1443. Let z = r - 252. Calculate the highest common factor of z and 6.
6
Suppose 0 = -7*y - 2250 + 3538. Let a(o) = -o**3 + o**2 + 2*o - 7. Let i be a(-3). Calculate the greatest common divisor of i and y.
23
Suppose -8 = -4*l - 4*a + 8*a, -2*l = 3*a + 6. Suppose -3*o - 116 = -4*j - 4*o, -5*j - o + 144 = l. What is the highest common factor of 224 and j?
28
Let f = -4564 - -4591. Let i(v) = v**2 + 4*v - 5. Let a be i(7). What is the highest common factor of f and a?
9
Let f be 3*1/(3/32). Suppose 9*c - f = 67. Suppose -4*m = -5*x + 17, -3*m + 4*x = 5*x - c. What is the greatest common divisor of 8 and m?
2
Suppose 2*h = 4*b + 6, 2*h = 2*b + 4 + 4. Suppose 19 + h = -6*c. Let a be (-2)/(-9) - c/18*17. Calculate the greatest common divisor of 4 and a.
4
Suppose -1907 - 88 = -3*h. Let t = -227012 - -227107. Calculate the highest common divisor of h and t.
95
Suppose 0 = 3*z - 147 - 3. Let x = -2531 - -2731. Calculate the highest common divisor of x and z.
50
Let v(h) = -h**3 + 11*h**2 - 19*h + 14. Let i be v(9). Suppose 3*w = 5*k - 336, -3*w + 8*w = i*k - 330. What is the highest common divisor of k and 23?
23
Let p(v) = -4*v**2 + 136*v - 537. Let c be p(28). Let d(r) = 7*r**2 - r. Let h be d(1). What is the highest common divisor of c and h?
3
Let l be 124/93*(6 - 0). What is the greatest common divisor of 196 and l?
4
Suppose 27*d - 788 - 994 = 0. Let u be (4 + -1)/((-2652)/(-440) - 6). What is the greatest common factor of d and u?
22
Let w(y) = y**3 - 4*y**2 + 5*y - 3. Let l be w(3). Let b be 2/20*118 + 106/530. Calculate the highest common divisor of b and l.
3
Let h = -50 - -50. Suppose -3*g + h*g = n - 84, 0 = 3*n - 4*g - 187. Let t = n - 27. What is the greatest common divisor of 63 and t?
21
Let m be 238/2 - 4/(-8)*2. Suppose -m = -i - 15. Calculate the greatest common divisor of 84 and i.
21
Let q(p) = 2*p**2 + 4*p + 7. Let o(w) = -10*w + 36. Let u be o(6). Let k = -28 - u. Let n be q(k). Calculate the highest common factor of n and 161.
23
Suppose -7*b + 13*b + 1440 = 0. Let r = 254 + b. Calculate the highest common divisor of r and 49.
7
Suppose -2*d = -d + 3*w - 89, -5*w + 255 = 3*d. Let z(y) = 92*y - 10928. Let b be z(119). What is the greatest common factor of b and d?
20
Suppose -9*j - 1577 = -7895. Suppose -j = -19*v + 10*v. What is the greatest common factor of 6 and v?
6
Let q = -21 + 39. Let c be q/(-81) - 112/(-18). Let s = 5818 - 5815. What is the highest common divisor of c and s?
3
Suppose 3*i + 30 = 0, 5*x + 4*i - 14 = 4*x - 11. Suppose -k + 688 = 3*k. What is the highest common divisor of x and k?
43
Let i be (-3)/2*(-224)/(-42). Let l be ((-4)/i)/((-7)/(-924)). What is the greatest common divisor of 297 and l?
33
Suppose -26*b + 4*b + 132 = 0. Suppose 0 = -3*u - 4*c + 56, -5*u - 11*c + 95 = -b*c. What is the greatest common divisor of u and 360?
20
Let d be -5*(-434)/6 + (-60)/90*1. Calculate the greatest common factor of 19 and d.
19
Let k = 51 - 61. Let g be k/(-35) + (-3416)/(-49). What is the highest common factor of g and 175?
35
Suppose 2*j = -j + 2496. Calculate the highest common divisor of j and 13.
13
Let p(q) = q**2 - 250*q + 2871. Let b be p(12). Calculate the greatest common factor of 63285 and b.
15
Let s be (-4)/(-14) + ((-1344)/(-98))/(-6). Let p be 1/((-19)/s) - (-924480)/2736. Calculate the greatest common divisor of p and 104.
26
Suppose 2*h = -2 + 26. Suppose -4*i - z = -21 - 19, 39 = 3*i + 3*z. Suppose 4*g - i*g = -60. What is the greatest common divisor of g and h?
12
Let c(r) = r**2 - 15*r - 7. Let w be c(16). Let j(a) = -4*a**2 - a + 8. Let q be j(2). Let g be q/25*-5*3. Calculate the greatest common factor of w and g.
3
Let o be (-2)/(-4)*(107 - (3 + -4)). Let y = o - 3. What is the highest common divisor of y and 85?
17
Suppose 13*v - 90 - 300 = 0. Let h be 5404/v + (-11)/(-660)*-8. What is the highest common divisor of h and 96?
12
Suppose 17*o - 19*o = -5*f - 5079, 0 = -o + 5*f + 2542. Calculate the highest common factor of 118 and o.
59
Suppose 161 = 2*u + 33. Suppose 16*t - 711 - 297 = 0. Suppose -6*i + 33 = -t. What is the highest common divisor of i and u?
16
Suppose -68 = -38*m + 36*m. Suppose -m = -20*f + 26. Calculate the greatest common factor of f and 1.
1
Suppose 3*d = -5*k + 1480, 6*d = -4*k + 11*d + 1221. Suppose -3*t + k + 241 = 0. Calculate the greatest common divisor of 15 and t.
15
Suppose -1170*r + 12884 = 920*r - 8016. Let t = -52 + 82. Suppose 2*z = -z + t. What is the greatest common factor of r and z?
10
Suppose -9 = -5*l + 11. Suppose 0 = 2*z - 2*y - 74, 1 = l*z + 5*y - 138. What is the highest common divisor of z and 60?
12
Let d(l) = -32*l + 14. Let r be d(-1). Suppose m - 5*m + 368 = 0. What is the greatest common factor of m and r?
46
Suppose 9 = 3*n - 6. Suppose 3*t = 1 + n. Suppose 1237*x + 4*o - 56 = 1236*x, 5*x = -3*o + 178. Calculate the greatest common divisor of t and x.
2
Let i be 13815/(-21) + (-3)/21. Let v = i + 1106. What is the highest common factor of 7 and v?
7
Suppose -5*j + 9*j = -168. Let m = -37 - j. Suppose m = -5*t, 4*z + 2*t + 2*t = 0. What is the highest common divisor of 3 and z?
1
Let m be 28/(-2)*(-2080)/112. Let f = -253 + m. Let x be ((-4)/2)/(2/(-56)). Calculate the highest common factor of x and f.
7
Let t = 107 + -92. Suppose 0*j - 3*j = -t. What is the greatest common factor of j and 1?
1
Let s = -47300 - -47363. Let y(t) = -4*t - 7. Let l be y(-7). What is the greatest common divisor of s and l?
21
Let o(m) = 5*m**2 + 70*m + 272. Let z be o(-6). Let p(x) = -4*x + 4. Let q be p(-5). What is the highest common divisor of z and q?
8
Let z be 319/(-2)*2/(-1). Let p be (18 + (-2907)/162)/(34/6732). What is the highest common divisor of p and z?
11
Let g be (-28)/((16/(-54))/4*-3). Let v be (-12 + 0)*g/24. Calculate the greatest common factor of 105 and v.
21
Let f = -994 - -1098. What is the greatest common factor of f and 72?
8
Let x be 1*-521 - (-43 + 39). Let v = x + 825. Calculate the highest common divisor of 220 and v.
44
Let v(t) = t**3 - 17*t**2 - 3*t + 84. Let x be v(17). Let c = -282 + 678. What is the highest common divisor of c and x?
33
Let o(j) = -j**3 + 17*j**2 + 20*j - 12. Let v be o(18). Let b be 2/(-9) - (-146)/9. Suppose 8*p = b + v. What is the greatest common divisor of p and 10?
5
Suppose -3*t = -749 - 736. Suppose 60*m = 27*m + t. What is the greatest common factor of 55 and m?
5
Let n = 45 + -24. Suppose 50*r - 28 = 49*r. What is the highest common divisor of r and n?
7
Let v be (-93609)/(-567) - (-4)/(-42). Let a = v + -105. Calculate the greatest common factor of a and 204.
12
Let n be (8 - 1) + 0 + -1. Let r = 43372 + -43315. What is the highest common divisor of r and n?
3
Let a(q) = 11*q**2 - q - 12. Let n be a(-2). What is the highest common divisor of n and 42?
2
Suppose 21*r - 27696 - 19302 = 0. What is the highest common divisor of 18 and r?
6
Suppose 4*k - 142 = -213*d + 215*d, 176 = 5*k - d. Calculate the greatest common factor of k and 10570.
35
Suppose 0 = -t - t + 4*z - 10, -t = z + 2. Let k be 201/(-6)*(t + 5). Let x = k + 115. Calculate the highest common divisor of 16 and x.
16
Let m(k) be the second derivative of 0 + 9*k + 1/12*k**4 + 1/2*k**